{"id":168,"date":"2026-03-09T11:45:28","date_gmt":"2026-03-09T10:45:28","guid":{"rendered":"https:\/\/lel-concept.fr\/?page_id=168"},"modified":"2026-04-05T16:09:09","modified_gmt":"2026-04-05T15:09:09","slug":"adopter-systeme-lel-concept-agencement","status":"publish","type":"page","link":"https:\/\/lel-concept.fr\/index.php\/adopter-systeme-lel-concept-agencement\/","title":{"rendered":"Le syst\u00e8me TRAME"},"content":{"rendered":"\n<hr class=\"wp-block-separator has-alpha-channel-opacity\"\/>\n\n\n\n<p class=\"is-style-text-subtitle is-style-text-subtitle--1\">Un syst\u00e8me d&rsquo;agencement modulaire pens\u00e9 pour les professionnels<\/p>\n\n\n\n<p>L.E.L concept a d\u00e9velopp\u00e9 un syst\u00e8me d&rsquo;agencement associant bois, m\u00e9tal et \u00e9clairage int\u00e9gr\u00e9, con\u00e7u pour simplifier la r\u00e9alisation d&rsquo;am\u00e9nagements sur-mesure.<\/p>\n\n\n\n<p>Pens\u00e9 d\u00e8s la conception pour faciliter la pose et l&rsquo;int\u00e9gration des diff\u00e9rents \u00e9l\u00e9ments, ce syst\u00e8me permet de cr\u00e9er des agencements \u00e9l\u00e9gants, durables et adaptables \u00e0 chaque projet.<\/p>\n\n\n\n<p>La gamme TRAME ce d\u00e9cline en 2 versions.<\/p>\n\n\n\n<details class=\"wp-block-details is-layout-flow wp-block-details-is-layout-flow\"><summary>TRAME LUMI\u00c8RE <\/summary>\n<p>une gamme compl\u00e8te int\u00e9grant l\u2019\u00e9clairage indirect 3000\u00b0K, dans le montant en acier. <\/p>\n\n\n\n<p>pr\u00e9-cabl\u00e9, command\u00e9 par un interrupteur discret, l&rsquo;alimentation ce fait par un prise 5,5&#215;2,1 en 24V pour une installation \u00e9lectrique simplifi\u00e9e. <\/p>\n<\/details>\n\n\n\n<details class=\"wp-block-details is-layout-flow wp-block-details-is-layout-flow\"><summary>TRAME ESSENTIELLE <\/summary>\n<p> Sans \u00e9clairage,  apporte une structure en acier robuste et pr\u00e9cise. <\/p>\n<\/details>\n\n\n\n<figure class=\"wp-block-gallery has-nested-images columns-4 is-cropped wp-block-gallery-2 is-layout-flex wp-block-gallery-is-layout-flex\">\n<figure class=\"wp-block-image size-large\"><img loading=\"lazy\" decoding=\"async\" width=\"576\" height=\"1024\" data-id=\"282\" src=\"https:\/\/lel-concept.fr\/wp-content\/uploads\/2026\/03\/20250407_070758-576x1024.jpg\" alt=\"\" class=\"wp-image-282\" style=\"aspect-ratio:1\" srcset=\"https:\/\/lel-concept.fr\/wp-content\/uploads\/2026\/03\/20250407_070758-576x1024.jpg 576w, https:\/\/lel-concept.fr\/wp-content\/uploads\/2026\/03\/20250407_070758-169x300.jpg 169w, https:\/\/lel-concept.fr\/wp-content\/uploads\/2026\/03\/20250407_070758-768x1365.jpg 768w, https:\/\/lel-concept.fr\/wp-content\/uploads\/2026\/03\/20250407_070758-864x1536.jpg 864w, https:\/\/lel-concept.fr\/wp-content\/uploads\/2026\/03\/20250407_070758-1152x2048.jpg 1152w, https:\/\/lel-concept.fr\/wp-content\/uploads\/2026\/03\/20250407_070758-scaled.jpg 1440w\" sizes=\"auto, (max-width: 576px) 100vw, 576px\" \/><\/figure>\n\n\n\n<figure class=\"wp-block-image size-large\"><img loading=\"lazy\" decoding=\"async\" width=\"1024\" height=\"816\" data-id=\"70\" src=\"https:\/\/lel-concept.fr\/wp-content\/uploads\/2026\/03\/IMG_0169-1024x816.jpg\" alt=\"\" class=\"wp-image-70\" style=\"aspect-ratio:1\" srcset=\"https:\/\/lel-concept.fr\/wp-content\/uploads\/2026\/03\/IMG_0169-1024x816.jpg 1024w, https:\/\/lel-concept.fr\/wp-content\/uploads\/2026\/03\/IMG_0169-300x239.jpg 300w, https:\/\/lel-concept.fr\/wp-content\/uploads\/2026\/03\/IMG_0169-768x612.jpg 768w, https:\/\/lel-concept.fr\/wp-content\/uploads\/2026\/03\/IMG_0169-1536x1224.jpg 1536w, https:\/\/lel-concept.fr\/wp-content\/uploads\/2026\/03\/IMG_0169-2048x1632.jpg 2048w\" sizes=\"auto, (max-width: 1024px) 100vw, 1024px\" \/><\/figure>\n\n\n\n<figure class=\"wp-block-image size-large\"><img loading=\"lazy\" decoding=\"async\" width=\"810\" height=\"2560\" data-id=\"281\" src=\"https:\/\/lel-concept.fr\/wp-content\/uploads\/2026\/03\/20250528_082119-edited-scaled.jpg\" alt=\"\" class=\"wp-image-281\" style=\"aspect-ratio:1\" srcset=\"https:\/\/lel-concept.fr\/wp-content\/uploads\/2026\/03\/20250528_082119-edited-scaled.jpg 810w, https:\/\/lel-concept.fr\/wp-content\/uploads\/2026\/03\/20250528_082119-edited-95x300.jpg 95w, https:\/\/lel-concept.fr\/wp-content\/uploads\/2026\/03\/20250528_082119-edited-324x1024.jpg 324w, https:\/\/lel-concept.fr\/wp-content\/uploads\/2026\/03\/20250528_082119-edited-768x2427.jpg 768w, https:\/\/lel-concept.fr\/wp-content\/uploads\/2026\/03\/20250528_082119-edited-486x1536.jpg 486w, https:\/\/lel-concept.fr\/wp-content\/uploads\/2026\/03\/20250528_082119-edited-648x2048.jpg 648w\" sizes=\"auto, (max-width: 810px) 100vw, 810px\" \/><\/figure>\n\n\n\n<figure class=\"wp-block-image size-large\"><img loading=\"lazy\" decoding=\"async\" width=\"1024\" height=\"1024\" data-id=\"276\" src=\"https:\/\/lel-concept.fr\/wp-content\/uploads\/2026\/03\/20250528_082155-edited-1024x1024.jpg\" alt=\"\" class=\"wp-image-276\" style=\"aspect-ratio:1\" srcset=\"https:\/\/lel-concept.fr\/wp-content\/uploads\/2026\/03\/20250528_082155-edited-1024x1024.jpg 1024w, https:\/\/lel-concept.fr\/wp-content\/uploads\/2026\/03\/20250528_082155-edited-300x300.jpg 300w, https:\/\/lel-concept.fr\/wp-content\/uploads\/2026\/03\/20250528_082155-edited-150x150.jpg 150w, https:\/\/lel-concept.fr\/wp-content\/uploads\/2026\/03\/20250528_082155-edited-768x768.jpg 768w, https:\/\/lel-concept.fr\/wp-content\/uploads\/2026\/03\/20250528_082155-edited-1536x1536.jpg 1536w, https:\/\/lel-concept.fr\/wp-content\/uploads\/2026\/03\/20250528_082155-edited.jpg 2028w\" sizes=\"auto, (max-width: 1024px) 100vw, 1024px\" \/><\/figure>\n\n\n\n<figure class=\"wp-block-image aligncenter size-large\"><img loading=\"lazy\" decoding=\"async\" width=\"1024\" height=\"1022\" data-id=\"275\" src=\"https:\/\/lel-concept.fr\/wp-content\/uploads\/2026\/03\/20250528_082239-edited-1024x1022.jpg\" alt=\"\" class=\"wp-image-275\" style=\"aspect-ratio:1\" srcset=\"https:\/\/lel-concept.fr\/wp-content\/uploads\/2026\/03\/20250528_082239-edited-1024x1022.jpg 1024w, https:\/\/lel-concept.fr\/wp-content\/uploads\/2026\/03\/20250528_082239-edited-300x300.jpg 300w, https:\/\/lel-concept.fr\/wp-content\/uploads\/2026\/03\/20250528_082239-edited-150x150.jpg 150w, https:\/\/lel-concept.fr\/wp-content\/uploads\/2026\/03\/20250528_082239-edited-768x767.jpg 768w, https:\/\/lel-concept.fr\/wp-content\/uploads\/2026\/03\/20250528_082239-edited.jpg 1365w\" sizes=\"auto, (max-width: 1024px) 100vw, 1024px\" \/><\/figure>\n\n\n\n<figure class=\"wp-block-image size-large\"><img loading=\"lazy\" decoding=\"async\" width=\"347\" height=\"1024\" data-id=\"280\" src=\"https:\/\/lel-concept.fr\/wp-content\/uploads\/2026\/03\/20250528_082253-347x1024.jpg\" alt=\"\" class=\"wp-image-280\" style=\"aspect-ratio:1\" srcset=\"https:\/\/lel-concept.fr\/wp-content\/uploads\/2026\/03\/20250528_082253-347x1024.jpg 347w, https:\/\/lel-concept.fr\/wp-content\/uploads\/2026\/03\/20250528_082253-102x300.jpg 102w, https:\/\/lel-concept.fr\/wp-content\/uploads\/2026\/03\/20250528_082253-768x2269.jpg 768w, https:\/\/lel-concept.fr\/wp-content\/uploads\/2026\/03\/20250528_082253-520x1536.jpg 520w, https:\/\/lel-concept.fr\/wp-content\/uploads\/2026\/03\/20250528_082253-693x2048.jpg 693w, https:\/\/lel-concept.fr\/wp-content\/uploads\/2026\/03\/20250528_082253-scaled.jpg 867w\" sizes=\"auto, (max-width: 347px) 100vw, 347px\" \/><\/figure>\n\n\n\n<figure class=\"wp-block-image size-large\"><img loading=\"lazy\" decoding=\"async\" width=\"576\" height=\"1024\" data-id=\"277\" src=\"https:\/\/lel-concept.fr\/wp-content\/uploads\/2026\/03\/20250930_101012-edited-576x1024.jpg\" alt=\"\" class=\"wp-image-277\" style=\"aspect-ratio:1\" srcset=\"https:\/\/lel-concept.fr\/wp-content\/uploads\/2026\/03\/20250930_101012-edited-576x1024.jpg 576w, https:\/\/lel-concept.fr\/wp-content\/uploads\/2026\/03\/20250930_101012-edited-169x300.jpg 169w, https:\/\/lel-concept.fr\/wp-content\/uploads\/2026\/03\/20250930_101012-edited-768x1365.jpg 768w, https:\/\/lel-concept.fr\/wp-content\/uploads\/2026\/03\/20250930_101012-edited-864x1536.jpg 864w, https:\/\/lel-concept.fr\/wp-content\/uploads\/2026\/03\/20250930_101012-edited-1152x2048.jpg 1152w, https:\/\/lel-concept.fr\/wp-content\/uploads\/2026\/03\/20250930_101012-edited-scaled.jpg 1440w\" sizes=\"auto, (max-width: 576px) 100vw, 576px\" \/><\/figure>\n<\/figure>\n\n\n\n<p class=\"is-style-text-subtitle is-style-text-subtitle--3\"> Le syst\u00e8me TRAME est simple et modulable<\/p>\n\n\n\n<p>Le syst\u00e8me repose sur plusieurs \u00e9l\u00e9ments structurels qui s&rsquo;assemblent facilement pour cr\u00e9er diff\u00e9rentes configurations.<\/p>\n\n\n\n<ul class=\"wp-block-list\">\n<li><strong>La barre support mural<\/strong> TRAME <\/li>\n<\/ul>\n\n\n\n<p class=\"has-small-font-size\">La barre support mural constitue la base de fixation du syst\u00e8me.<\/p>\n\n\n\n<p class=\"has-small-font-size\">Elle se fixe directement au mur gr\u00e2ce \u00e0 trois points de fixations invisibles, assurant une installation solide et discr\u00e8te.<\/p>\n\n\n\n<p class=\"has-small-font-size\">Les barre sont positionn\u00e9es en fonction du design recherch\u00e9 et des contraintes du chantier : dimensions de l&rsquo;espace, implantation des \u00e9l\u00e9ments, d&rsquo;agencement ou composition souhait\u00e9e.<\/p>\n\n\n\n<p class=\"has-small-font-size\">Les trous oblong de fixation permettent un r\u00e9glage pr\u00e9cisons de la pose, facilitant l&rsquo;alignement et l&rsquo;ajustement de la structure.<\/p>\n\n\n\n<p class=\"has-small-font-size\">Cette conception offre une installation simple, rapide et parfaitement adapt\u00e9e \u00e0 chaque projet.<\/p>\n\n\n\n<ul class=\"wp-block-list\">\n<li><strong>La canne <\/strong>TRAME LUMI\u00c8RE <\/li>\n<\/ul>\n\n\n\n<p class=\"has-small-font-size\">La canne LED constitue l&rsquo;\u00e9l\u00e9ment vertical du syst\u00e8me.<\/p>\n\n\n\n<p class=\"has-small-font-size\">Elle se fixe directement sur la barre support mural, assurant une mise en place rapide et un alignement pr\u00e9cis de la structure.<\/p>\n\n\n\n<p class=\"has-small-font-size\">Elle int\u00e8gre un \u00e9clairage LED indirect, apportant une lumi\u00e8re douce qui valorise l&rsquo;agencement et les \u00e9l\u00e9ments d\u00e9coratifs<\/p>\n\n\n\n<p class=\"has-small-font-size\">Un interrupteur permet de commander ind\u00e9pendamment chaque partie d&rsquo;\u00e9clairage (possibilit\u00e9 de grouper).<\/p>\n\n\n\n<p class=\"has-small-font-size\">Le syst\u00e8me d&rsquo;\u00e9clairage est con\u00e7u pour une installation simple et rapide.<\/p>\n\n\n\n<p class=\"has-small-font-size\">Les cannes LED fonctionne en courant continu 24V, garantissant s\u00e9curit\u00e9 et fiabilit\u00e9 pour l&rsquo;agencement.<\/p>\n\n\n\n<p class=\"has-small-font-size\">Le cintrage dans la partie haute de la canne apporte \u00e0 la fois une fonction technique et une signature esth\u00e9tique, participant au design global.<\/p>\n\n\n\n<p class=\"has-small-font-size\">La canne peut \u00e9galement \u00eatre propos\u00e9e sans \u00e9clairage int\u00e9gr\u00e9, pour des projets sans \u00e9clairage ou des compositions mixtes associant canne LED et canne simple.<\/p>\n\n\n\n<ul class=\"wp-block-list\">\n<li><strong>Les traverses<\/strong> TRAME <\/li>\n<\/ul>\n\n\n\n<p class=\"has-small-font-size\">Les traverses permettent de relier la canne LED \u00e0 la barre support mural, elles permettent de cr\u00e9er les supports destin\u00e9s aux \u00e9l\u00e9ments d&rsquo;agencement.<\/p>\n\n\n\n<p class=\"has-small-font-size\">Le syst\u00e8me propose cinq hauteur pr\u00e9d\u00e9finies, r\u00e9parties sur toute la hauteur du montant.<\/p>\n\n\n\n<p class=\"has-small-font-size\">Ces positionnements facilitent l&rsquo;installation tout en garantissant un alignement pr\u00e9cis et r\u00e9gulier des \u00e9l\u00e9ments.<\/p>\n\n\n\n<p class=\"has-small-font-size\">Deux mod\u00e8les de traverses sont disponibles : traverse simple et traverse double.<\/p>\n\n\n\n<p class=\"has-small-font-size\">Les traverses doubles sont principalement utilis\u00e9es pour cr\u00e9er des lin\u00e9aires continus, notamment pour l&rsquo;installation de tablettes ou d&rsquo;\u00e9l\u00e9ments techniques.<\/p>\n\n\n\n<p class=\"has-small-font-size\">Cette conception permet de r\u00e9aliser des compositions modulaire, \u00e9volutives et adapt\u00e9es \u00e0 chaque projet d&rsquo;agencement.<\/p>\n\n\n\n<hr class=\"wp-block-separator has-alpha-channel-opacity\"\/>\n\n\n\n<figure class=\"wp-block-image aligncenter size-full\"><img loading=\"lazy\" decoding=\"async\" width=\"521\" height=\"694\" src=\"https:\/\/lel-concept.fr\/wp-content\/uploads\/2026\/03\/Photo-de-detail.jpg\" alt=\"\" class=\"wp-image-225\" srcset=\"https:\/\/lel-concept.fr\/wp-content\/uploads\/2026\/03\/Photo-de-detail.jpg 521w, https:\/\/lel-concept.fr\/wp-content\/uploads\/2026\/03\/Photo-de-detail-225x300.jpg 225w\" sizes=\"auto, (max-width: 521px) 100vw, 521px\" \/><\/figure>\n\n\n\n<hr class=\"wp-block-separator has-alpha-channel-opacity\"\/>\n","protected":false},"excerpt":{"rendered":"<p>Un syst\u00e8me d&rsquo;agencement modulaire pens\u00e9 pour les professionnels L.E.L concept a d\u00e9velopp\u00e9 un syst\u00e8me d&rsquo;agencement associant bois, m\u00e9tal et \u00e9clairage int\u00e9gr\u00e9, con\u00e7u pour simplifier la r\u00e9alisation d&rsquo;am\u00e9nagements sur-mesure. Pens\u00e9 d\u00e8s la conception pour faciliter la pose et l&rsquo;int\u00e9gration des diff\u00e9rents \u00e9l\u00e9ments, ce syst\u00e8me permet de cr\u00e9er des agencements \u00e9l\u00e9gants, durables et adaptables \u00e0 chaque projet. [&hellip;]<\/p>\n","protected":false},"author":1,"featured_media":0,"parent":0,"menu_order":20,"comment_status":"closed","ping_status":"closed","template":"","meta":{"footnotes":""},"class_list":["post-168","page","type-page","status-publish","hentry"],"jetpack_sharing_enabled":true,"_links":{"self":[{"href":"https:\/\/lel-concept.fr\/index.php\/wp-json\/wp\/v2\/pages\/168","targetHints":{"allow":["GET"]}}],"collection":[{"href":"https:\/\/lel-concept.fr\/index.php\/wp-json\/wp\/v2\/pages"}],"about":[{"href":"https:\/\/lel-concept.fr\/index.php\/wp-json\/wp\/v2\/types\/page"}],"author":[{"embeddable":true,"href":"https:\/\/lel-concept.fr\/index.php\/wp-json\/wp\/v2\/users\/1"}],"replies":[{"embeddable":true,"href":"https:\/\/lel-concept.fr\/index.php\/wp-json\/wp\/v2\/comments?post=168"}],"version-history":[{"count":14,"href":"https:\/\/lel-concept.fr\/index.php\/wp-json\/wp\/v2\/pages\/168\/revisions"}],"predecessor-version":[{"id":711,"href":"https:\/\/lel-concept.fr\/index.php\/wp-json\/wp\/v2\/pages\/168\/revisions\/711"}],"wp:attachment":[{"href":"https:\/\/lel-concept.fr\/index.php\/wp-json\/wp\/v2\/media?parent=168"}],"curies":[{"name":"wp","href":"https:\/\/api.w.org\/{rel}","templated":true}]}}