{"id":536,"date":"2026-03-30T20:30:12","date_gmt":"2026-03-30T19:30:12","guid":{"rendered":"https:\/\/lel-concept.fr\/?page_id=536"},"modified":"2026-04-05T16:10:01","modified_gmt":"2026-04-05T15:10:01","slug":"kit-2300-sans-eclairage-trame-essentielle","status":"publish","type":"page","link":"https:\/\/lel-concept.fr\/index.php\/kit-2300-sans-eclairage-trame-essentielle\/","title":{"rendered":"Kit TRAME ESSENTIELLE 2300"},"content":{"rendered":"\n<p class=\"is-style-text-subtitle is-style-text-subtitle--1\">Kit montant en acier thermolaqu\u00e9 sans \u00e9clairage. <\/p>\n\n\n\n<p>Le kit est compos\u00e9 de :<\/p>\n\n\n\n<ul class=\"wp-block-list\">\n<li>1 barre support mural 2300<\/li>\n\n\n\n<li>1 canne sans \u00e9clairage 2300<\/li>\n\n\n\n<li>5 traverses 295<\/li>\n\n\n\n<li>ensemble visserie et fixation. <\/li>\n<\/ul>\n\n\n\n<figure class=\"wp-block-image size-full is-resized\"><img loading=\"lazy\" decoding=\"async\" width=\"177\" height=\"800\" src=\"https:\/\/lel-concept.fr\/wp-content\/uploads\/2026\/03\/kit-2300.jpg\" alt=\"\" class=\"wp-image-629\" style=\"width:auto;height:600px\"\/><\/figure>\n\n\n\n<details class=\"wp-block-details is-layout-flow wp-block-details-is-layout-flow\"><summary>Caract\u00e9ristiques :<\/summary>\n<ul class=\"wp-block-list\">\n<li>Hauteur : 2325 mm (hors tout)<\/li>\n\n\n\n<li>Profondeur : 345 mm (hors tout)<\/li>\n\n\n\n<li>5 niveaux<\/li>\n\n\n\n<li>3 Fixations murales<\/li>\n\n\n\n<li>Structure acier thermolaqu\u00e9<\/li>\n<\/ul>\n<\/details>\n\n\n\n<div class=\"wp-block-buttons is-layout-flex wp-block-buttons-is-layout-flex\">\n<div class=\"wp-block-button is-style-outline is-style-outline--2\"><a class=\"wp-block-button__link wp-element-button\" href=\"https:\/\/lel-concept.fr\/index.php\/contact-rdv-devis-agencement\/\">Demander un devis<\/a><\/div>\n<\/div>\n","protected":false},"excerpt":{"rendered":"<p>Kit montant en acier thermolaqu\u00e9 sans \u00e9clairage. Le kit est compos\u00e9 de :<\/p>\n","protected":false},"author":1,"featured_media":0,"parent":0,"menu_order":210,"comment_status":"closed","ping_status":"closed","template":"","meta":{"footnotes":""},"class_list":["post-536","page","type-page","status-publish","hentry"],"jetpack_sharing_enabled":true,"_links":{"self":[{"href":"https:\/\/lel-concept.fr\/index.php\/wp-json\/wp\/v2\/pages\/536","targetHints":{"allow":["GET"]}}],"collection":[{"href":"https:\/\/lel-concept.fr\/index.php\/wp-json\/wp\/v2\/pages"}],"about":[{"href":"https:\/\/lel-concept.fr\/index.php\/wp-json\/wp\/v2\/types\/page"}],"author":[{"embeddable":true,"href":"https:\/\/lel-concept.fr\/index.php\/wp-json\/wp\/v2\/users\/1"}],"replies":[{"embeddable":true,"href":"https:\/\/lel-concept.fr\/index.php\/wp-json\/wp\/v2\/comments?post=536"}],"version-history":[{"count":14,"href":"https:\/\/lel-concept.fr\/index.php\/wp-json\/wp\/v2\/pages\/536\/revisions"}],"predecessor-version":[{"id":712,"href":"https:\/\/lel-concept.fr\/index.php\/wp-json\/wp\/v2\/pages\/536\/revisions\/712"}],"wp:attachment":[{"href":"https:\/\/lel-concept.fr\/index.php\/wp-json\/wp\/v2\/media?parent=536"}],"curies":[{"name":"wp","href":"https:\/\/api.w.org\/{rel}","templated":true}]}}